z composite?
False
Let y be 531/4 - (-2)/8. Let o = -179 + 131. Let h = y + o. Is h a prime number?
False
Suppose -4*i + 20 = 3*q, 3*q - 3 = 5*i - 1. Let n be (-15 + 16)/(2/2660). Suppose 0*d - 2*d - i*x = -n, 2*x + 2642 = 4*d. Is d prime?
False
Let q(s) = -s**3 + 90*s**2 - 192*s - 537. Is q(72) a prime number?
False
Let z(b) be the third derivative of 21*b**5/20 + b**4/8 + b**3/2 + 201*b**2. Is z(-9) a prime number?
False
Let f(a) be the second derivative of 2/3*a**4 - 1/2*a**2 + 0 + 2/3*a**3 - 6*a. Is f(4) a composite number?
True
Let y(g) = -g**3 + 4*g**2 - 2*g - 3. Let k be y(2). Let s(i) = 2985*i**2 + 4*i - 3. Is s(k) prime?
False
Is -4*((-11 - 5)/(-8))/((-8)/21467) composite?
False
Suppose 24 = 2*o - 12. Suppose -74 = -4*n + 2*x, 8*x = -3*n + 9*x + 56. Suppose -17*b + o*b = n. Is b a composite number?
False
Suppose -19*l + 10*l + 380817 = 0. Suppose -13*a + 18*a = 3*q + l, -q = -4. Is a a composite number?
True
Let t be 4 + (3 - 4)*-1835. Suppose -2*n - 3*i = -t, -2*i = 4*n + 2*i - 3688. Suppose -3*u + n = x - 578, -5*x + 483 = u. Is u composite?
False
Suppose -82 = 2*t + 4*n, 6*t = t - 4*n - 199. Let m be t/(-9) + -4 - (-8788)/6. Let u = -744 + m. Is u composite?
True
Suppose -22*a + 162 = 30. Suppose -5*c - 11*k + 685 = -a*k, -5*c + 701 = -3*k. Is c composite?
False
Suppose 0 = -36*u + 41*u - 15. Let f be 4/84*u + (-727)/(-7). Suppose -875 = -z - 5*t, z - 759 = t + f. Is z a composite number?
True
Suppose -5*w = -d + 89531, -w + 4*w = -3*d + 268701. Is d prime?
True
Suppose 42*o + 196469 = 45*o + 4*z, 130976 = 2*o + 2*z. Is o a composite number?
True
Suppose 58*x + 2282786 = 177*x - 299633. Is x composite?
False
Suppose 2973164 = 438*k - 433*k - 2*g, -5*k - 2*g = -2973176. Is k prime?
False
Suppose -4*b = -7882 + 42202. Let q = b + 12341. Is q a prime number?
True
Suppose -10*s = -11*s - 2*b + 47397, 4*s = -5*b + 189576. Suppose -48*d + 212173 - s = 0. Is d a prime number?
True
Is ((-13)/156*18)/((-9)/627474) a composite number?
False
Let k = 167164 + 33325. Is k composite?
True
Let n be (-12)/10*(-19)/((-513)/(-90)). Suppose v + 5657 = n*g, -5663 = -0*g - 4*g - v. Is g prime?
False
Let s be 1407/(((-18)/4)/(-3)). Suppose -16776 = -17*b + s. Is b composite?
True
Suppose 0 = -2*j - 5*z + 189165, -23*z + 18*z - 25 = 0. Is j prime?
False
Let d = 22326 - 5779. Is d prime?
True
Let i(s) = 979*s**2 - 112*s - 1159. Is i(-16) a prime number?
True
Is 3/(99/6) - 6/44*-1217794 a prime number?
True
Is (-31 - -40) + 947*(-8)/(-2) a prime number?
True
Suppose -4*s + 6065852 = -789204 + 377388. Is s composite?
False
Let t be 5774*1 + (-15 - -19). Suppose 17378 = 3*q - o, -q + 0*o + t = -4*o. Suppose -3557 = -9*n + q. Is n prime?
True
Let t(f) = -37*f - 35. Let n = 60 - 50. Suppose 9*v + 44 = -n. Is t(v) prime?
False
Suppose 3*m + 3*j - 15 = 0, 3*m - j + 1 + 4 = 0. Suppose -4*g = -m*g - 147800. Is 1*g/18 - (-6)/27 a composite number?
False
Suppose 0 = 50*j - 235*j + 14227795. Is j a composite number?
False
Suppose -21*g + 262566 = 106305. Is g a composite number?
True
Suppose 66*u - 192857 = 426157. Is u composite?
True
Is (5485984/(-896))/(1/(-4)) a prime number?
False
Let k = -1870 - -3007. Let s(c) = -c**3 - 6*c**2 - c - 3. Let n be s(-6). Suppose -n*m + 6*m = k. Is m a prime number?
True
Suppose -15 - 19 = 3*p - b, 2*p + 4*b = -4. Let h be (-10)/25 + (-304)/p. Is 2/(-10) + 96/h - -1394 a composite number?
True
Suppose m - 87913 = -2*c, 5*m - c - 204588 - 234977 = 0. Suppose -2*u - m = -3*n - 4*u, 5*u - 10 = 0. Is n prime?
True
Let b(w) be the second derivative of 635*w**4/4 + w**3/2 - w**2/2 - 7*w. Is b(-1) a prime number?
True
Suppose 45*v - 28*v = 35139. Let p = v + -818. Is p prime?
True
Let b = -3189 + 5438. Is b prime?
False
Let r(q) be the third derivative of q**5/30 - q**4/2 + q**3/6 + q**2. Suppose 442*i = 2*v + 443*i - 24, -5*v + 2*i = -60. Is r(v) a prime number?
False
Let v(k) = -8*k + 2. Let r be v(-1). Let g be 10316/10 - (-4)/r. Suppose -4*j = 4*j - g. Is j prime?
False
Let s be (2/2)/(6 + 235/(-40)). Suppose s*o = 5030 + 434. Is o a prime number?
True
Suppose -39375190 + 104711293 = -4*n + 67*n. Is n prime?
True
Let q = -92 + 92. Suppose q = 3*y + 12, 5*s = -0*s - y + 16. Suppose -4*k + k - 2*x = -1021, 0 = -s*k + 5*x + 1323. Is k a composite number?
False
Let t(y) = 13 - y**2 + 20 + 7*y - 15*y**2 + 23*y**2 + 29*y**2. Is t(8) prime?
True
Suppose 0 = -66*w - 28*w + 30439738. Is w a composite number?
True
Let a(k) = -k + 5303. Let v be a(0). Suppose 3940 = 9*g - v. Is g composite?
True
Suppose 1275926 = 45*h - 26*h. Is h a composite number?
True
Let i(x) = x**2 - 12*x + 24. Let h be i(10). Let s be (-6)/12 + 1 - (-3758)/h. Suppose -u + 313 = -s. Is u composite?
True
Let m(p) = -9893*p + 110. Is m(-3) composite?
False
Let n(p) = 2*p**2 + 5*p + 2. Let b be n(-4). Suppose 5*u + b = 12*u. Suppose u*v + 313 = 1151. Is v prime?
True
Let s(k) = -k**3 - k**2 - 2*k + 12. Let t be s(0). Suppose -11211 = -t*z + 5121. Is z a composite number?
False
Let h(s) = -27*s**2 + 3*s - 1. Let p be h(1). Let q(y) = -12*y + 82. Is q(p) prime?
False
Let m be (18/4)/((-9)/(-12)*-1). Let r(n) = 2*n**2 + 12*n + 3. Let h be r(m). Suppose -3*k + 2058 = -h*q, -q = 5*k - 4172 + 724. Is k a prime number?
False
Suppose -2*m + 42 = 3*h - m, 3*m - 9 = 0. Suppose -h*d - 5 = -14*d. Suppose -899 = -l + d*t, -4*l + 6*t - t = -3656. Is l a composite number?
False
Suppose -6276 = 3*d - 16908. Let m = d - 2463. Is m prime?
False
Suppose -23*u - 195217 = 39*u - 73*u. Is u prime?
True
Let c(l) be the third derivative of -l**6/10 + l**5/20 - l**4/12 - 2*l**3/3 + 7*l**2. Let i be c(2). Let o = -55 - i. Is o a composite number?
False
Let g(s) = -s**3 - 9*s**2 - 5*s**2 + 9*s**2 - 1 + 56*s. Is g(-19) composite?
False
Suppose -7*d + 30 = 2. Suppose -d*r + 2*m + 15954 + 12956 = 0, -5*r = 5*m - 36160. Is r a prime number?
True
Let l be ((-37)/(-7) - 0) + (-36)/126. Suppose -15 = -3*i, 6*s = 5*s - l*i + 33178. Suppose -3*m - 5738 = -a - 30598, 0 = 4*m + 5*a - s. Is m a prime number?
True
Let q(l) = 3*l - 2 - 7*l + 0*l + 6*l. Let b be q(3). Suppose 0 = -b*h + 846 + 538. Is h a prime number?
False
Let p(d) = -2*d**3 - 15*d**2 - 8*d - 1. Let a = 19 - 35. Is p(a) a composite number?
True
Suppose 2*t - 4 = -0*t. Let k(d) = 656*d + 1258 - 1257 - 113*d. Is k(t) composite?
False
Suppose -3*w - 5362620 = -3*x - 1707159, -1218487 = -x + 3*w. Is x a composite number?
False
Let c(z) = 2*z**3 - 12*z**2 - 6*z - 13. Suppose 3*o + s + 32 = 0, -5*o + 9*o + 4*s + 56 = 0. Let b = 0 - o. Is c(b) composite?
False
Let s(t) = -t**2 + 2*t + 5. Let h be s(3). Let y(x) = -4*x**2 - 31 - 29*x + 8 - 17*x**h - x**3. Is y(-20) composite?
False
Let m be ((-212)/16 - 1)*-1828. Let j = 39278 - m. Is j a composite number?
False
Suppose -12 = -4*i, 3487 + 623 = 2*k - 2*i. Suppose 173 = 2*v + 4*l - 863, -l + k = 4*v. Is v prime?
False
Let o be -2 - -6 - (-12 - -9) - 1. Suppose 21*h = o*h + 59835. Is h a prime number?
True
Let r(k) be the second derivative of -11*k**5/10 + k**4/4 - 11*k**3/6 + 7*k**2/2 + 6*k. Is r(-5) a composite number?
False
Let l(k) = k + 1. Let x be l(-5). Let z be ((-2)/x)/(1/(-2)). Is 3 + (z + 1)*-1 + 20 a composite number?
False
Suppose 4*h = 10*h - 21498. Let t = h - 1044. Is t a composite number?
False
Is (-232)/(-348) - (39482/(-6))/1 a composite number?
False
Let m(g) = 4*g - 20. Let d be m(5). Suppose d = 6*n - 4*n - 20. Suppose 3*q - n*q = -6055. Is q a prime number?
False
Suppose 45*p = 49*p - 20. Let c(b) = 99*b - 52. Is c(p) a composite number?
False
Suppose -2*u = -5*v + 67, -5*v + 4*u + 43 = -16. Let q be (-4)/(-10) - 6/v. Suppose -i + a + 246 = q, -5*i - a + 5*a = -1235. Is i a prime number?
True
Let b be 6*7/(-105) - 34/(-10). Suppose b*o - t = 7320, 4*o + 0*o + 4*t - 9776 = 0. Is o composite?
False
Let r(z) = -z**3 + 50*z**2 + 76*z - 39. Is r(50) composite?
False
Let f = 66 - 64. Suppose -5*o + 44 = -2*k - 19, -f*o - 4*k + 30 = 0. Suppose -b + o*b = 18708. Is b composite?
False
Let v(b) be the third derivative of b**6/60 + 11*b**5/30 - b**4/2 + 2*b**3/3 - 17*b**2. Let l be v(-11). Suppose -498 = -2*m + l. Is m prime?
True
Suppose -7*j + 3944 = 10*j. Let h = j + -155. Is h prime?
False
Let i = 210 + -194. Suppose i*r - 41340 = 94516. Is r composite?
True
Let u(q) = -q**3 - 4*q**2 - q